 ((-65)/26)/((-2)/c).
4
Let h(p) = 117 - 338 + 2*p + 109 + 152. Let b(z) = z**3 - 4*z - 1. Let t be b(-3). What is the remainder when h(t) is divided by 1?
0
Let d(u) = -13*u**3 - 3*u**2 - u + 4. Calculate the remainder when d(-2) is divided by 2/(-5) + 52/5.
8
Let j = -6450 + 6663. Calculate the remainder when j is divided by 1*-18*3/(-1).
51
Suppose -5*x - 30 = 0, -966 = -9*q - 11*x + 10*x. What is the remainder when q is divided by 82?
26
Suppose n = -3*p + 3 + 3, -8 = -n - 5*p. Suppose -k + m = -6*k + 161, 12 = -n*m. Suppose k*v - 32*v = 87. What is the remainder when v is divided by 15?
12
Let n = -2709 + 2763. Calculate the remainder when n is divided by 24.
6
Let a(m) = -13*m - 2. Suppose -8*q - 33*q + 410 = 0. Suppose 653 = q*w - 1307. Calculate the remainder when w is divided by a(-4).
46
Let d be (42/(-70))/(2/((-60)/9)). Suppose 8 = d*l, 2*s - 5*s = 2*l - 74. Calculate the remainder when 349 is divided by s.
19
Let m(x) be the third derivative of -2*x**6/15 - x**5/12 - 5*x**4/24 + x**3/6 - 195*x**2. What is the remainder when 543 is divided by m(-1)?
16
Let n(h) = -8*h + 38. Let z be n(5). Calculate the remainder when 94 - (15/6)/(z/(-4)) is divided by 23.
20
Let a = 9240 - 7807. Calculate the remainder when a is divided by 6.
5
What is the remainder when (-68614)/(-174) - (-1)/(-3) is divided by 378?
16
Let o = 32436 - 32415. Let t be (116*-1)/(-1 - 0). Let n = 198 - t. Calculate the remainder when n is divided by o.
19
Suppose 5*r = 10 + 10. Suppose 2 = -r*x + 14. Calculate the remainder when 2 + -2 + x - -40 is divided by 11.
10
Suppose 0 = -87*a + 323*a - 30680. Calculate the remainder when a is divided by 2*((-14)/(-4) + 0).
4
Let p(j) = j**3 - 5*j**2 + 5*j. Let d be p(4). Suppose d*a = -a + 25. Let m(n) = -n**3 + n**2 + 171*n + 1123. What is the remainder when m(16) is divided by a?
4
Suppose 4*m = 4*z - 1080, 802 = 3*z - 6*m + 11*m. Calculate the remainder when z is divided by 115.
39
Let s = 8749 + -8416. Calculate the remainder when 372 is divided by s.
39
Let w = 129 + -89. Suppose 3*l = -2*x + w, -5 = 3*x + 2*x. Suppose 0 = -5*m - 0*c + 2*c + 203, 5*c = -m + 46. What is the remainder when m is divided by l?
13
Suppose d + 7*t = 179, -8*t = -11*t - 9. What is the remainder when 1183 is divided by d?
183
Let y = 67 - 11. Calculate the remainder when y is divided by ((-87)/6)/((-21 - 0) + (-30135)/(-1470)).
27
Suppose s = c - 80, s + 62 = -c + 142. What is the remainder when 87 is divided by c?
7
Let p = 63 - 1. Let f = p - 44. What is the remainder when 2/(-8) + 8/((-32)/(-273)) is divided by f?
14
Suppose 2*v = -5*o + 7217, v - 2*o = 4921 - 1335. Calculate the remainder when v is divided by 90.
86
Suppose 3*w = -2*t + 294, 164 + 228 = 4*w - 3*t. Suppose 4*x + 2*f - 40 = 0, -4*x + 5 = -f - 41. Calculate the remainder when w is divided by x.
10
Calculate the remainder when (9/(-1) + 3946)*(0 + 1) is divided by 22.
21
Let j be 15*((-12)/18)/1. What is the remainder when 108 is divided by (77/(-28))/(j/80)?
20
Let v(r) = 21 + 36*r - 39*r - 13. Let b(w) = -w - 1. Let j(x) = -6*b(x) - v(x). Calculate the remainder when j(1) is divided by 3.
1
Let i = -42 - -117. Suppose 4*z - 401 = i. Let x(g) = -16*g - 360. What is the remainder when z is divided by x(-24)?
23
Let f = -185 - -186. Suppose 41 - f = 5*u. Calculate the remainder when u is divided by (2 - 2) + (2 - -3).
3
Let g = 435 - 384. Suppose -56*w = y - g*w - 20, 4*y + w - 80 = 0. Calculate the remainder when y is divided by 9.
2
Let k = 730 - 74. Let x = 121144 + -121097. Calculate the remainder when k is divided by x.
45
Let r(v) = -v**3 + 10*v**2 - 7*v + 8. Let h be r(8). Suppose 2*t - 82 = -h. Calculate the remainder when 55 is divided by (0 + 3 + t)/((-20)/(-40)).
7
Suppose -68 = -7*d + 2*z, -10*z + 45 = 5*d - 15*z. Suppose j = -2*j + 4*p + 11, 5*j + 4*p - 61 = 0. Calculate the remainder when d is divided by j.
1
Suppose -270 = -0*t + 5*t. Let z = t - -26. Let l = z + 35. What is the remainder when 11 is divided by l?
4
Let z(m) = m**3 + 12*m**2 + 12*m + 12. Let f be z(-11). Let y be ((-18)/24)/(f/4)*597. Calculate the remainder when 102 is divided by y/(-51) + (-6)/51.
32
Suppose z - 24 = -0*z. Suppose -2*s + 18 = -0*s - 4*j, 5*j = 5*s - 60. Calculate the remainder when z is divided by 2/((-5)/s*(-30)/65).
11
Suppose -52*r = -49*r + 2415. Let t = r + 891. What is the remainder when 168 is divided by t?
82
Suppose -136*s = -182*s + 736. Calculate the remainder when 668 is divided by s.
12
Let q = -13170 + 13270. What is the remainder when 332 is divided by q?
32
Let v = 33530 + -32937. What is the remainder when v is divided by 142?
25
Let u = 368 - -11. Suppose 50 = 11*o - u. Calculate the remainder when 194 is divided by o.
38
Suppose 4*h + 8 = 0, -5*x + 17 = -4*h - 1. Suppose x*n + 4*l = 226, 2*n + 0*n = -3*l + 223. What is the remainder when n is divided by -2 + 3 + 38 + -3?
35
Let k = -578 - -606. Suppose 11*p - k*p = -238. Calculate the remainder when 40 is divided by p.
12
What is the remainder when 165 is divided by (-31)/(2604/(-3549)) + 3/4?
36
Let o = 17291 + -17005. Calculate the remainder when o is divided by 31.
7
Suppose -6*t - 1671 - 495 = 0. Let p = -350 - t. Let o = -54 + 116. What is the remainder when o is divided by p?
7
Let s = 1862 - 1834. Calculate the remainder when 1203 is divided by s.
27
Let l(z) = -3 + 3*z**2 + 17*z - 18*z - 3 + 1. Let x(f) = f**2 + f - 29. Calculate the remainder when l(-4) is divided by x(6).
8
Let x(l) = 13*l - 60. Suppose -5*p = -3 - 22. Let i be x(p). Suppose 5*g - 65 = -2*n + 75, -3*g = i*n - 84. Calculate the remainder when 54 is divided by g.
26
Suppose -i = 136*i - 50360 - 24579. Calculate the remainder when i is divided by 133.
15
Suppose 1145*j = 1140*j + 155. Calculate the remainder when 586 is divided by j.
28
Suppose 23*z - 46 = 23. Suppose -z*h + 21 = 3*a, -4*a + 22 = -h + 2*h. Suppose -17 - 4 = -3*p. Calculate the remainder when p is divided by h.
1
What is the remainder when (-4706)/(-4) - 8/16 is divided by 59?
55
Suppose -4*r = -7*r + 4*i + 418, -5*r - 5*i = -650. Let c = r - 10. Calculate the remainder when c is divided by 42.
40
Let g = -641 - -643. Suppose 4*d - d - 48 = 2*v, 4*v = g*d - 24. Calculate the remainder when d is divided by 16.
2
Let q = 23171 + -23146. Calculate the remainder when 6695 is divided by q.
20
Let f(q) = -q + 4. Let d(n) = -7*n - 56. Let a(h) = -d(h) + 5*f(h). What is the remainder when a(19) is divided by 64?
50
Suppose -3*x - 3*f = -741, -5*f = -3*x - 0*f + 725. Calculate the remainder when x is divided by 58.
13
Let v(b) = -1941*b + 9984. Calculate the remainder when v(5) is divided by 1*20 - -1 - 2.
13
Calculate the remainder when ((-5706)/(-63) - 4)/(18/84) is divided by 30.
14
Suppose 0 = -5*d + 10*d - 100. Suppose 0 = -22*s + 17*s - d. Calculate the remainder when (-727)/(-9) + s + 38/9 is divided by 7.
4
Suppose -33*q = -2*q + 8*q - 174057. Calculate the remainder when q is divided by 203.
200
Let f = -222 + 237. Let b = f - 6. What is the remainder when b is divided by 4?
1
What is the remainder when 455 is divided by ((-3)/(-4) - (-4 + 5))/((-3)/876)?
17
Suppose 0 = -3*p - 4*y + 105, -y + 180 = 4*p + 53. Suppose 4*f - 304 = 2*f. Calculate the remainder when f is divided by p.
28
Let a(r) = r**3 - 17*r**2 + 41*r + 19. Let d be a(14). Suppose 5*k - 2666 = d*y - 621, -k + 403 = y. Calculate the remainder when k is divided by 103.
97
Let z be 201 + -6 - (-7 - (-3 - 1)). Suppose 2*a - z = -4*j, 0 = 10*j - 6*j + a - 195. What is the remainder when 183 is divided by j?
39
Let v = -146 + 153. Calculate the remainder when ((-2)/(-1))/(12/174) is divided by v.
1
Let x be 30/((-1)/(-2) - (-8 - -7)). Suppose -42 = -2*m - x. Calculate the remainder when (-7)/28 + (-154)/(-8) is divided by m.
8
Suppose 4*d + 10 = 3*v, -2*d = -v + 1 + 1. Suppose -42 = 3*w - 102. Suppose 0 = 3*s - 4*s + w. What is the remainder when s is divided by v?
2
Let l(t) = 6*t. What is the remainder when (24/10)/((-352)/(-8360)) is divided by l(5)?
27
Calculate the remainder when (-9 + -102*(-8)/(-112))/((-3)/21) is divided by 33.
15
Let p(s) = 31*s**2 - 132*s + 482. Calculate the remainder when p(4) is divided by 51.
42
Let m(x) = -x**3 + x**2 + 5*x + 2. Suppose -17*h + 26*h = -27. Calculate the remainde